-1630 + 2410. Calculate the highest common divisor of j and 20.
20
Let v(p) = 2*p**3 - 7*p**2 + p + 188. Let k be v(9). What is the highest common factor of 128 and k?
64
Suppose -5*q - 8 = 3*v, 5*v - 4*q - 32 = -q. Let w be -1 - ((-4 - 5) + -1). Let l = w - v. Calculate the highest common divisor of 10 and l.
5
Suppose -10*v = -21 - 29. Suppose -v*u = u - 78. What is the highest common factor of 143 and u?
13
Suppose 0 = -10*i + 633 + 1587. What is the greatest common divisor of i and 54?
6
Suppose 13 = -5*r - 32. Let b = r + 25. Suppose -4 - 16 = -5*q. What is the greatest common factor of b and q?
4
Let o be 84/10 - 4/10. Let v be (5 + 3 + -5)*-1. Let l be (1*(-5)/10)/(v/6). Calculate the highest common factor of l and o.
1
Let s = 108 - -110. Let i be s/14 + (-3)/(-7). Let r(g) = g**2 + 2*g + 1. Let k be r(3). What is the highest common factor of k and i?
16
Let b be 3/9 + 78/9. Suppose 3*l = b - 0, -5*c + 26 = -3*l. Calculate the greatest common divisor of c and 21.
7
Let f = 75 - 43. Let o be -5 + (-3 + 2 - -1). Let j(c) = c**3 + 7*c**2 - 6*c. Let m be j(o). Calculate the greatest common factor of m and f.
16
Let g be ((-1)/(-4))/((-2)/(-2056)). Let n = 472 - g. Suppose -5*o = -o + 4*r - 148, 0 = 5*o - r - n. What is the highest common divisor of 6 and o?
6
Let s be (589/38)/(((-3)/3)/(-2)). Calculate the highest common factor of 403 and s.
31
Let o be 1 - (1 + 2) - (-15 - -1). Calculate the highest common factor of o and 138.
6
Suppose 1500 = -7*g + 12*g. What is the highest common divisor of g and 24?
12
Suppose -27*r + 134 = -1216. What is the greatest common factor of 25 and r?
25
Let u = 97 - 33. Let j = u - 42. Calculate the highest common factor of 55 and j.
11
Let w = 2 - -4. Suppose -25 = -o + 4*m, -2*o - m - 4*m + 11 = 0. Suppose o = 5*j - 17. What is the highest common divisor of j and w?
6
Let u(q) = -3*q - 4. Let v be u(-4). Suppose 3*t + 60 = v*t. Suppose 8*n = 4*n + t. What is the highest common divisor of n and 1?
1
Suppose -39 = -x - h, 4*x - 252 = 4*h - 88. Calculate the highest common divisor of x and 5.
5
Let b be (1 - 0) + -1*34. Let m = b - -40. Suppose 5*w = -3*g + g + 112, 5*g - 280 = 5*w. What is the highest common factor of m and g?
7
Suppose n - 53 = 1. Let l = -311 - -347. Calculate the highest common factor of l and n.
18
Suppose -c + 61 = 19. What is the highest common factor of c and 2?
2
Let s = -1071 + 1214. What is the highest common factor of s and 33?
11
Let i = 15 + -10. Let g be i/((-2)/6*-3). Let p be (-24)/(-15)*100/8. Calculate the highest common divisor of p and g.
5
Suppose -4*h + 8*h = 32. Let m be (-4)/h + (-246)/4. Let r = m + 106. What is the greatest common divisor of r and 22?
22
Let w = 3496 + -2850. Calculate the highest common factor of 238 and w.
34
Let x(c) = 16*c**2 - 38*c. Let l be x(13). Suppose -12*f = f - l. Suppose p = -2*p + 204. Calculate the highest common divisor of p and f.
34
Suppose -4*w = -8*w. Suppose -2*r + w - 10 = 0, -3*x + 70 = -5*r. Suppose -c - 12 = -5*c. What is the greatest common factor of x and c?
3
Let x(w) be the second derivative of -w**5/10 - 5*w**4/12 + w**3/3 - 4*w**2 - 19*w. Let k be x(-4). Calculate the highest common divisor of 256 and k.
32
Let g(w) = 81*w**2 - 3. Let z be g(3). Suppose -4*i - 266 = -z. Let j = -82 + i. What is the greatest common divisor of j and 3?
3
Let a be 4/18 + 13030/90. Suppose -a*l = -144*l - 18. What is the highest common factor of 108 and l?
18
Suppose 2*u = 76 - 24. Let h = u - 28. Let y be (11 - 18)*44/h. Calculate the highest common divisor of 22 and y.
22
Suppose 21*s - 8*s - 1105 = 0. What is the greatest common factor of 15 and s?
5
Let z = -13 - -12. Let v be z/3 - (-14)/(-3). Let j = 19 - v. What is the greatest common factor of 12 and j?
12
Suppose q = x + 25, -2*q + q - 110 = 4*x. Let t(k) = -k**3 - 28*k**2 - 26*k + 55. Let d be t(x). Calculate the greatest common factor of d and 8.
4
Suppose 0 = 180*r - 189*r + 81. Calculate the highest common divisor of r and 63.
9
Let f be (-144)/(12/(-3)) + 0. Suppose -7*d = -9*d + f. Calculate the highest common divisor of 144 and d.
18
Suppose 0*v - 3*u = 3*v - 648, -4*v + 864 = -u. Let k = -169 - -196. Calculate the highest common divisor of v and k.
27
Suppose a = 3*v + 644, 4*a - 10*v + 6*v = 2592. Calculate the highest common divisor of 100 and a.
50
Let k = -785 + 803. What is the highest common divisor of k and 243?
9
Suppose 2*k - o = 20, 8*k - 3*k + o - 50 = 0. Suppose k = 50*v - 48*v. What is the greatest common divisor of v and 1?
1
Suppose 25*p + 1300 - 4900 = 0. What is the highest common factor of 18 and p?
18
Suppose -t = t + 2. Let n(v) = -17*v**3. Let w be n(t). Calculate the greatest common factor of w and 51.
17
Let u(o) = 5*o - 27. Let t be u(3). Let q = t + 19. Let n(p) = p**3 + 8*p**2 + 5*p - 7. Let y be n(-6). What is the highest common factor of y and q?
7
Let h = -2630 - -2656. Calculate the greatest common divisor of 22 and h.
2
Let g = -462 - -467. Calculate the greatest common factor of 395 and g.
5
Let q = 1200 + -1163. Calculate the highest common divisor of q and 1.
1
Suppose -b + 9 = -3. Let d be (-68)/(-6) - b/(-18). Let p(k) = k - 7. Let y be p(d). Calculate the greatest common divisor of 25 and y.
5
Let n be 3*(-3 + 4) - -31. Let x(y) = 4*y**2 - 6*y - 1. Let z be x(3). What is the highest common factor of n and z?
17
Suppose 0 = -45*o + 20 + 340. Calculate the highest common factor of o and 12.
4
Let p be (-2)/(-4)*(-96)/(-8). Let d be (-3)/p + 27/2. Calculate the greatest common divisor of 13 and d.
13
Let s = -15 + 27. Let j = s + -13. Let o be j/2 - 61/(-2). Calculate the highest common divisor of 60 and o.
30
Let y(t) = -4*t - 171. Let a be y(-43). Calculate the highest common divisor of a and 107.
1
Let q = -17 - -20. Suppose q*b - 12 = -3*j, -2*j = b + 2*b - 9. Calculate the greatest common factor of j and 3.
3
Let i(o) = -9*o**3 + o**2 + 2*o + 1. Let b be i(-1). Suppose -p - 22 + 18 = 0. Let z be p/8 - 110/(-4). What is the greatest common divisor of b and z?
9
Suppose -11*c - j = -8*c - 26, -3*j + 8 = -c. Calculate the highest common factor of 1 and c.
1
Suppose 16*k - 13*k - 15 = 0. Suppose 0 = 3*d + 5*t - 27, k*d + 2*t - 9 - 36 = 0. Calculate the highest common divisor of d and 72.
9
Let v = 385 + -239. What is the greatest common divisor of v and 657?
73
Let w(o) = o**3 + 9*o**2 - 12*o + 15. Let f be -11 - 1*(4 + -5). Let n be w(f). Calculate the greatest common divisor of n and 385.
35
Suppose -49 - 1 = -h - 2*f, 35 = h + 5*f. Suppose -y = 4*y - h. Calculate the highest common divisor of y and 9.
3
Suppose 2*j = -2*d - d + 36, -4*j + 50 = -5*d. Suppose 0 = 2*c + c - 135. What is the highest common factor of j and c?
15
Let k be 4*((-195)/(-4) - 3)/3. Let n = k + -37. Calculate the highest common factor of n and 3.
3
Suppose -9*z + 4*z + 3*b = -588, -3*b = -z + 108. What is the highest common factor of 24 and z?
24
Let a(c) = -c**3 + 4*c**2 + 9*c + 8. Let f be a(5). Let w be f/(-3)*(12 - 18). Calculate the highest common factor of 8 and w.
8
Let d(z) = 5*z**2 + 18*z - 10. Let o be d(-6). Suppose -66*b = -o*b - 100. Calculate the greatest common divisor of 75 and b.
25
Let m = 49 - -8. Suppose -3*z = x - m, 3*z - 63 = -x - 2*z. What is the greatest common divisor of x and 24?
24
Let o be -3*(-56)/21 + 1. Calculate the highest common divisor of o and 639.
9
Let g = -14 + 16. Suppose g*r + 0*h = -h + 75, 5*r + 2*h - 189 = 0. What is the highest common factor of 429 and r?
39
Suppose 2 = m - 4*o, 5*m + o + o = -34. Let n(g) = -4*g - 75 + 216 - 72 - 56 - 3*g. Let d be n(m). Calculate the highest common divisor of 11 and d.
11
Let f be (2/(-5)*-63)/(21/280). Let s = -1 + 1. Suppose s*c + f = 4*c. What is the greatest common factor of c and 12?
12
Let z be 3 + (2 - 30/(-6)). Calculate the highest common divisor of 20 and z.
10
Let b = 44 - 18. Suppose 236*n - 6474 = 70*n. What is the greatest common divisor of b and n?
13
Let a = -624 - -749. Calculate the highest common divisor of 10 and a.
5
Let f(z) = -z**2 + 0 + 6*z - 1 + 8. Let x be f(5). Let m be (-4 + 3)*(-7 + 4). What is the highest common divisor of x and m?
3
Suppose -5*d - 29 + 34 = 0. Let m be 438/9 + 6/(-9) + d. What is the greatest common factor of m and 7?
7
Let m = 